{"id":45,"date":"2016-09-12T15:28:37","date_gmt":"2016-09-12T13:28:37","guid":{"rendered":"http:\/\/bikinitest.ch\/cms\/?page_id=45"},"modified":"2025-01-09T14:25:41","modified_gmt":"2025-01-09T13:25:41","slug":"informations-acces","status":"publish","type":"page","link":"https:\/\/bikinitest.ch\/cms\/informations\/informations-acces\/","title":{"rendered":"Acc\u00e8s"},"content":{"rendered":"<div class=\"wpb-content-wrapper\"><div class=\"vc_row wpb_row vc_row-fluid\"><div class=\"wpb_column vc_column_container vc_col-sm-3\"><div class=\"vc_column-inner\"><div class=\"wpb_wrapper\">\n\t<div class=\"wpb_text_column wpb_content_element\" >\n\t\t<div class=\"wpb_wrapper\">\n\t\t\t<h1>ACC\u00c8S<\/h1>\n\n\t\t<\/div>\n\t<\/div>\n\n\t<div class=\"wpb_text_column wpb_content_element\" >\n\t\t<div class=\"wpb_wrapper\">\n\t\t\t<h6><span class=\"text-red\">BIKINI TEST<\/span><br \/>\nJOUX PERRET 3<br \/>\n2300 LA CHAUX-DE-FONDS<br \/>\nSWITZERLAND<\/h6>\n\n\t\t<\/div>\n\t<\/div>\n<div class=\"vc_row wpb_row vc_inner vc_row-fluid\"><div class=\"wpb_column vc_column_container vc_col-sm-12\"><div class=\"vc_column-inner\"><div class=\"wpb_wrapper\"><\/div><\/div><\/div><\/div><div class=\"vc_row wpb_row vc_inner vc_row-fluid\"><div class=\"wpb_column vc_column_container vc_col-sm-12\"><div class=\"vc_column-inner\"><div class=\"wpb_wrapper\"><\/div><\/div><\/div><\/div><div class=\"wpb_gmaps_widget wpb_content_element\"><div class=\"wpb_wrapper\"><div class=\"wpb_map_wraper\"><iframe loading=\"lazy\" src=\"https:\/\/www.google.com\/maps\/embed?pb=!1m18!1m12!1m3!1d2715.2852931772454!2d6.8434285157315715!3d47.1130801299319!2m3!1f0!2f0!3f0!3m2!1i1024!2i768!4f13.1!3m3!1m2!1s0x478dfc628129f4e1%3A0x5402e62d0b40416e!2sBikini+Test!5e0!3m2!1sfr!2sch!4v1473802239726\" width=\"600\" height=\"450\" frameborder=\"0\" style=\"border:0\" allowfullscreen><\/iframe><\/div><\/div><\/div><\/div><\/div><\/div><div class=\"wpb_column vc_column_container vc_col-sm-9\"><div class=\"vc_column-inner\"><div class=\"wpb_wrapper\">\n\t<div class=\"wpb_text_column wpb_content_element\" >\n\t\t<div class=\"wpb_wrapper\">\n\t\t\t<h6 class=\"p1\">ACC\u00c8S<\/h6>\n<p class=\"p1\">Le Bikini Test se situe en bordure de la ville de La Chaux-de-Fonds. Facilement reconnaissable gr\u00e2ce \u00e0 sa fa\u00e7ade aux fresques color\u00e9es et psych\u00e9d\u00e9liques, c\u2019est la derni\u00e8re maison sur la gauche en sortant de la ville en direction du Jura, ou la premi\u00e8re maison sur la droite en arrivant du Jura.<\/p>\n<p>Marcheur, ne prends pas peur, depuis la gare tu arriveras \u00e0 bon port en 30 minutes et m\u00e9riteras ainsi vraiment ta premi\u00e8re pression.<\/p>\n<p>&nbsp;<\/p>\n<h6>EN VOITURE DEPUIS :<\/h6>\n<p class=\"h5\"><span class=\"text-bold text-red\">JURA \/ BIENNE<\/span><\/p>\n<p class=\"p1\">Le Bikini Test est la premi\u00e8re maison \u00e0 ta droite lorsque tu entres en ville de La Chaux-de-Fonds<\/p>\n<p class=\"h5\"><span class=\"text-bold text-red\">FRANCE \/ LE LOCLE<\/span><\/p>\n<p class=\"p1\">Traverse enti\u00e8rement la ville de la Chaux-de-Fonds en empruntant l\u2019avenue L\u00e9opold-Robert en direction de Bienne. Une fois \u00e0 la place de l\u2019H\u00f4tel de Ville, emprunte la rue Fritz-Courvoisier et \u00e0 la sortie de la ville, tourne \u00e0 gauche juste apr\u00e8s le panneau \u00abB\u00e9ton Frais\u00bb.<\/p>\n<p class=\"h5\"><span class=\"text-bold text-red\">NEUCH\u00c2TEL<\/span><\/p>\n<p class=\"p1\">\u00c0 la sortie du tunnel, prends la direction Bienne. Une fois arriv\u00e9 \u00e0 l\u2019H\u00f4tel de Ville, prends \u00e0 droite en suivant le panneau \u00abBikini Test\u00bb. \u00c0 la sortie de la ville, tourne \u00e0 gauche juste apr\u00e8s le panneau \u00abB\u00e9ton Frais\u00bb.<\/p>\n<p>&nbsp;<\/p>\n<h6 class=\"p1\">POUR VENIR EN BUS :<\/h6>\n<p class=\"p1\">D\u00e8s 19h, il faut prendre la ligne 352 \u00abGare-(H\u00f4pital)-Charri\u00e8re\u00bb et sortir au terminus Charri\u00e8re. Ensuite longer le mur du cimeti\u00e8re et prendre \u00e0 droite au bout du parking. Le Bikini Test se trouve en bas de cette rue, \u00e0 gauche.<\/p>\n<p><a href=\"https:\/\/www.transn.ch\/\" target=\"_blank\" rel=\"noopener noreferrer\"><span class=\"text-red\">Horaires en ligne disponibles ici<\/span><\/a><\/p>\n<p>&nbsp;<\/p>\n<h6 class=\"p1\">Pour le retour EN BUS (ou pour venir tardivement) :<\/h6>\n<p class=\"h5\"><span class=\"text-bold text-red\">LA CHAUX-DE-FONDS <\/span><\/p>\n<p class=\"p1\">Pour te d\u00e9placer de nuit en bus \u00e0 la Chaux-de-Fonds, tu peux faire appel au syst\u00e8me Mobinight des TransN. Mobinight est un service nocturne de bus-navette payant. Les vendredis et samedis soirs, un mini-bus 12 places part de la Gare selon l\u2019horaire suivant : 00:30 \/\/ 01:00 \/\/ 01:30 en direction du second arr\u00eat qui se situe \u00e0 la Grande Fontaine. Ces 2 arr\u00eats sont des arr\u00eats fixes, ensuite le bus emm\u00e8ne les passagers mont\u00e9s \u00e0 ces arr\u00eats vers n\u2019importe quel arr\u00eat du r\u00e9seau TransN, ceci pour la somme de 4.- CHF par simple course (les abonnements, carte multicourses ne sont pas valables).<\/p>\n<p class=\"p1\">Le service Mobinight peut aussi venir te chercher \u00e0 Bikini Test, pour cela il faut appeler le 0800 876 678 (n\u00b0 gratuit) 5 min avant l\u2019un des d\u00e9parts de la Gare et indiquer au chauffeur que tu aimerais \u00eatre pris en charge \u00e0 Bikini. En fonction du nombre de passagers embarqu\u00e9s \u00e0 la Gare et \u00e0 la Grande Fontaine et de leur demande de d\u00e9barquement, le bus arrivera 5 \u00e0 10 minutes apr\u00e8s son d\u00e9part de la Gare \u00e0 Bikini Test. Depuis l\u00e0, tu pourras demander au chauffeur d\u2019\u00eatre d\u00e9pos\u00e9 \u00e0 n\u2019importe que arr\u00eat du r\u00e9seau TransN.<\/p>\n<p class=\"h5\"><span class=\"text-bold text-red\">LE LOCLE ET NEUCH\u00c2TEL<\/span><\/p>\n<p class=\"p1\">Pour rentrer depuis la Chaux-de-Fonds, il existe le syst\u00e8me Noctamrun qui fonctionne chaque vendredi et samedi soir. Si tu d\u00e9sires aller au Locle, le bus part \u00e0 02:30 et 04:30 de la Gare et pour se rendre \u00e0 Neuch\u00e2tel, il y a un seul d\u00e9part \u00e0 03:20 de la Gare. Le tarif du Noctamrun est de 7.- CHF pour une simple course et aucun autre titre de transport n\u2019est valable.<\/p>\n<p><a href=\"https:\/\/www.transn.ch\/connexions-de-nuit\/\" target=\"_blank\" rel=\"noopener noreferrer\"><span class=\"text-red\">Pour tout savoir sur le fonctionnement de Mobinight et du Noctamrun c&rsquo;est par ici<\/span><\/a><\/p>\n<p class=\"h5\"><span class=\"text-bold text-red\">JURA<\/span><\/p>\n<p class=\"p1\">Si tu es jurassien, il existe \u00e9galement un moyen de rentrer chez toi en transports publics, la ligne du Noctambus des CJ qui effectue le parcours la Chaux-de-Fonds-Saignel\u00e9gier. Rien de plus simple, le bus vient directement te chercher \u00e0 Bikini Test, le vendredi et samedi soirs \u00e0 01:33, 2:33 et 3:33.<\/p>\n<p><a href=\"https:\/\/www.noctambus-jura.ch\/horaires\/lignes\/n22-la-chaux-de-fonds-saignelegier\/\" target=\"_blank\" rel=\"noopener noreferrer\"> <span class=\"text-red\">Les informations d\u00e9taill\u00e9es sur les arr\u00eats du Noctambus ainsi que sur les tarifs sont ici<\/span><\/a><\/p>\n\n\t\t<\/div>\n\t<\/div>\n<\/div><\/div><\/div><\/div>\n<\/div>"},"excerpt":{"rendered":"<p>[vc_row][vc_column width=\u00a0\u00bb1\/4&Prime;][vc_column_text] ACC\u00c8S [\/vc_column_text][vc_column_text] BIKINI TEST JOUX PERRET 3 2300 LA CHAUX-DE-FONDS SWITZERLAND [\/vc_column_text][vc_row_inner][vc_column_inner][\/vc_column_inner][\/vc_row_inner][vc_row_inner][vc_column_inner][\/vc_column_inner][\/vc_row_inner][vc_gmaps link=\u00a0\u00bb#E-8_JTNDaWZyYW1lJTIwc3JjJTNEJTIyaHR0cHMlM0ElMkYlMkZ3d3cuZ29vZ2xlLmNvbSUyRm1hcHMlMkZlbWJlZCUzRnBiJTNEJTIxMW0xOCUyMTFtMTIlMjExbTMlMjExZDI3MTUuMjg1MjkzMTc3MjQ1NCUyMTJkNi44NDM0Mjg1MTU3MzE1NzE1JTIxM2Q0Ny4xMTMwODAxMjk5MzE5JTIxMm0zJTIxMWYwJTIxMmYwJTIxM2YwJTIxM20yJTIxMWkxMDI0JTIxMmk3NjglMjE0ZjEzLjElMjEzbTMlMjExbTIlMjExczB4NDc4ZGZjNjI4MTI5ZjRlMSUyNTNBMHg1NDAyZTYyZDBiNDA0MTZlJTIxMnNCaWtpbmklMkJUZXN0JTIxNWUwJTIxM20yJTIxMXNmciUyMTJzY2glMjE0djE0NzM4MDIyMzk3MjYlMjIlMjB3aWR0aCUzRCUyMjYwMCUyMiUyMGhlaWdodCUzRCUyMjQ1MCUyMiUyMGZyYW1lYm9yZGVyJTNEJTIyMCUyMiUyMHN0eWxlJTNEJTIyYm9yZGVyJTNBMCUyMiUyMGFsbG93ZnVsbHNjcmVlbiUzRSUzQyUyRmlmcmFtZSUzRQ==\u00a0\u00bb][\/vc_column][vc_column width=\u00a0\u00bb3\/4&Prime;][vc_column_text css=\u00a0\u00bb\u00a0\u00bb] ACC\u00c8S Le Bikini Test se situe en bordure de la ville de La Chaux-de-Fonds. Facilement reconnaissable gr\u00e2ce \u00e0 sa fa\u00e7ade aux fresques color\u00e9es et psych\u00e9d\u00e9liques, c\u2019est la derni\u00e8re maison sur la gauche en sortant de la ville en [&hellip;]<\/p>\n","protected":false},"author":3,"featured_media":0,"parent":7,"menu_order":0,"comment_status":"closed","ping_status":"closed","template":"","meta":{"footnotes":""},"class_list":["post-45","page","type-page","status-publish","hentry"],"yoast_head":"<!-- This site is optimized with the Yoast SEO plugin v27.3 - https:\/\/yoast.com\/product\/yoast-seo-wordpress\/ -->\n<title>Acc\u00e8s - Bikini Test<\/title>\n<meta name=\"robots\" content=\"index, follow, max-snippet:-1, max-image-preview:large, max-video-preview:-1\" \/>\n<link rel=\"canonical\" href=\"https:\/\/bikinitest.ch\/cms\/informations\/informations-acces\/\" \/>\n<meta property=\"og:locale\" content=\"fr_FR\" \/>\n<meta property=\"og:type\" content=\"article\" \/>\n<meta property=\"og:title\" content=\"Acc\u00e8s - Bikini Test\" \/>\n<meta property=\"og:description\" content=\"[vc_row][vc_column width=\u00a0\u00bb1\/4&Prime;][vc_column_text] ACC\u00c8S [\/vc_column_text][vc_column_text] BIKINI TEST JOUX PERRET 3 2300 LA CHAUX-DE-FONDS SWITZERLAND [\/vc_column_text][vc_row_inner][vc_column_inner][\/vc_column_inner][\/vc_row_inner][vc_row_inner][vc_column_inner][\/vc_column_inner][\/vc_row_inner][vc_gmaps link=\u00a0\u00bb#E-8_JTNDaWZyYW1lJTIwc3JjJTNEJTIyaHR0cHMlM0ElMkYlMkZ3d3cuZ29vZ2xlLmNvbSUyRm1hcHMlMkZlbWJlZCUzRnBiJTNEJTIxMW0xOCUyMTFtMTIlMjExbTMlMjExZDI3MTUuMjg1MjkzMTc3MjQ1NCUyMTJkNi44NDM0Mjg1MTU3MzE1NzE1JTIxM2Q0Ny4xMTMwODAxMjk5MzE5JTIxMm0zJTIxMWYwJTIxMmYwJTIxM2YwJTIxM20yJTIxMWkxMDI0JTIxMmk3NjglMjE0ZjEzLjElMjEzbTMlMjExbTIlMjExczB4NDc4ZGZjNjI4MTI5ZjRlMSUyNTNBMHg1NDAyZTYyZDBiNDA0MTZlJTIxMnNCaWtpbmklMkJUZXN0JTIxNWUwJTIxM20yJTIxMXNmciUyMTJzY2glMjE0djE0NzM4MDIyMzk3MjYlMjIlMjB3aWR0aCUzRCUyMjYwMCUyMiUyMGhlaWdodCUzRCUyMjQ1MCUyMiUyMGZyYW1lYm9yZGVyJTNEJTIyMCUyMiUyMHN0eWxlJTNEJTIyYm9yZGVyJTNBMCUyMiUyMGFsbG93ZnVsbHNjcmVlbiUzRSUzQyUyRmlmcmFtZSUzRQ==\u00a0\u00bb][\/vc_column][vc_column width=\u00a0\u00bb3\/4&Prime;][vc_column_text css=\u00a0\u00bb\u00a0\u00bb] ACC\u00c8S Le Bikini Test se situe en bordure de la ville de La Chaux-de-Fonds. Facilement reconnaissable gr\u00e2ce \u00e0 sa fa\u00e7ade aux fresques color\u00e9es et psych\u00e9d\u00e9liques, c\u2019est la derni\u00e8re maison sur la gauche en sortant de la ville en [&hellip;]\" \/>\n<meta property=\"og:url\" content=\"https:\/\/bikinitest.ch\/cms\/informations\/informations-acces\/\" \/>\n<meta property=\"og:site_name\" content=\"Bikini Test\" \/>\n<meta property=\"article:publisher\" content=\"https:\/\/www.facebook.com\/bikinitest\" \/>\n<meta property=\"article:modified_time\" content=\"2025-01-09T13:25:41+00:00\" \/>\n<meta name=\"twitter:card\" content=\"summary_large_image\" \/>\n<meta name=\"twitter:site\" content=\"@bikinitest\" \/>\n<meta name=\"twitter:label1\" content=\"Dur\u00e9e de lecture estim\u00e9e\" \/>\n\t<meta name=\"twitter:data1\" content=\"4 minutes\" \/>\n<script type=\"application\/ld+json\" class=\"yoast-schema-graph\">{\"@context\":\"https:\\\/\\\/schema.org\",\"@graph\":[{\"@type\":\"WebPage\",\"@id\":\"https:\\\/\\\/bikinitest.ch\\\/cms\\\/informations\\\/informations-acces\\\/\",\"url\":\"https:\\\/\\\/bikinitest.ch\\\/cms\\\/informations\\\/informations-acces\\\/\",\"name\":\"Acc\u00e8s - Bikini Test\",\"isPartOf\":{\"@id\":\"https:\\\/\\\/bikinitest.ch\\\/cms\\\/#website\"},\"datePublished\":\"2016-09-12T13:28:37+00:00\",\"dateModified\":\"2025-01-09T13:25:41+00:00\",\"breadcrumb\":{\"@id\":\"https:\\\/\\\/bikinitest.ch\\\/cms\\\/informations\\\/informations-acces\\\/#breadcrumb\"},\"inLanguage\":\"fr-FR\",\"potentialAction\":[{\"@type\":\"ReadAction\",\"target\":[\"https:\\\/\\\/bikinitest.ch\\\/cms\\\/informations\\\/informations-acces\\\/\"]}]},{\"@type\":\"BreadcrumbList\",\"@id\":\"https:\\\/\\\/bikinitest.ch\\\/cms\\\/informations\\\/informations-acces\\\/#breadcrumb\",\"itemListElement\":[{\"@type\":\"ListItem\",\"position\":1,\"name\":\"Accueil\",\"item\":\"https:\\\/\\\/bikinitest.ch\\\/cms\\\/\"},{\"@type\":\"ListItem\",\"position\":2,\"name\":\"Informations\",\"item\":\"https:\\\/\\\/bikinitest.ch\\\/cms\\\/informations\\\/\"},{\"@type\":\"ListItem\",\"position\":3,\"name\":\"Acc\u00e8s\"}]},{\"@type\":\"WebSite\",\"@id\":\"https:\\\/\\\/bikinitest.ch\\\/cms\\\/#website\",\"url\":\"https:\\\/\\\/bikinitest.ch\\\/cms\\\/\",\"name\":\"Bikini Test\",\"description\":\"Un site utilisant WordPress\",\"publisher\":{\"@id\":\"https:\\\/\\\/bikinitest.ch\\\/cms\\\/#organization\"},\"potentialAction\":[{\"@type\":\"SearchAction\",\"target\":{\"@type\":\"EntryPoint\",\"urlTemplate\":\"https:\\\/\\\/bikinitest.ch\\\/cms\\\/?s={search_term_string}\"},\"query-input\":{\"@type\":\"PropertyValueSpecification\",\"valueRequired\":true,\"valueName\":\"search_term_string\"}}],\"inLanguage\":\"fr-FR\"},{\"@type\":\"Organization\",\"@id\":\"https:\\\/\\\/bikinitest.ch\\\/cms\\\/#organization\",\"name\":\"Bikinitest\",\"url\":\"https:\\\/\\\/bikinitest.ch\\\/cms\\\/\",\"logo\":{\"@type\":\"ImageObject\",\"inLanguage\":\"fr-FR\",\"@id\":\"https:\\\/\\\/bikinitest.ch\\\/cms\\\/#\\\/schema\\\/logo\\\/image\\\/\",\"url\":\"https:\\\/\\\/bikinitest.ch\\\/cms\\\/wp-content\\\/uploads\\\/2020\\\/10\\\/logo_bikinitest.png\",\"contentUrl\":\"https:\\\/\\\/bikinitest.ch\\\/cms\\\/wp-content\\\/uploads\\\/2020\\\/10\\\/logo_bikinitest.png\",\"width\":120,\"height\":148,\"caption\":\"Bikinitest\"},\"image\":{\"@id\":\"https:\\\/\\\/bikinitest.ch\\\/cms\\\/#\\\/schema\\\/logo\\\/image\\\/\"},\"sameAs\":[\"https:\\\/\\\/www.facebook.com\\\/bikinitest\",\"https:\\\/\\\/x.com\\\/bikinitest\",\"https:\\\/\\\/www.instagram.com\\\/bikini_test\\\/\"]}]}<\/script>\n<!-- \/ Yoast SEO plugin. -->","yoast_head_json":{"title":"Acc\u00e8s - Bikini Test","robots":{"index":"index","follow":"follow","max-snippet":"max-snippet:-1","max-image-preview":"max-image-preview:large","max-video-preview":"max-video-preview:-1"},"canonical":"https:\/\/bikinitest.ch\/cms\/informations\/informations-acces\/","og_locale":"fr_FR","og_type":"article","og_title":"Acc\u00e8s - Bikini Test","og_description":"[vc_row][vc_column width=\u00a0\u00bb1\/4&Prime;][vc_column_text] ACC\u00c8S [\/vc_column_text][vc_column_text] BIKINI TEST JOUX PERRET 3 2300 LA CHAUX-DE-FONDS SWITZERLAND [\/vc_column_text][vc_row_inner][vc_column_inner][\/vc_column_inner][\/vc_row_inner][vc_row_inner][vc_column_inner][\/vc_column_inner][\/vc_row_inner][vc_gmaps link=\u00a0\u00bb#E-8_JTNDaWZyYW1lJTIwc3JjJTNEJTIyaHR0cHMlM0ElMkYlMkZ3d3cuZ29vZ2xlLmNvbSUyRm1hcHMlMkZlbWJlZCUzRnBiJTNEJTIxMW0xOCUyMTFtMTIlMjExbTMlMjExZDI3MTUuMjg1MjkzMTc3MjQ1NCUyMTJkNi44NDM0Mjg1MTU3MzE1NzE1JTIxM2Q0Ny4xMTMwODAxMjk5MzE5JTIxMm0zJTIxMWYwJTIxMmYwJTIxM2YwJTIxM20yJTIxMWkxMDI0JTIxMmk3NjglMjE0ZjEzLjElMjEzbTMlMjExbTIlMjExczB4NDc4ZGZjNjI4MTI5ZjRlMSUyNTNBMHg1NDAyZTYyZDBiNDA0MTZlJTIxMnNCaWtpbmklMkJUZXN0JTIxNWUwJTIxM20yJTIxMXNmciUyMTJzY2glMjE0djE0NzM4MDIyMzk3MjYlMjIlMjB3aWR0aCUzRCUyMjYwMCUyMiUyMGhlaWdodCUzRCUyMjQ1MCUyMiUyMGZyYW1lYm9yZGVyJTNEJTIyMCUyMiUyMHN0eWxlJTNEJTIyYm9yZGVyJTNBMCUyMiUyMGFsbG93ZnVsbHNjcmVlbiUzRSUzQyUyRmlmcmFtZSUzRQ==\u00a0\u00bb][\/vc_column][vc_column width=\u00a0\u00bb3\/4&Prime;][vc_column_text css=\u00a0\u00bb\u00a0\u00bb] ACC\u00c8S Le Bikini Test se situe en bordure de la ville de La Chaux-de-Fonds. Facilement reconnaissable gr\u00e2ce \u00e0 sa fa\u00e7ade aux fresques color\u00e9es et psych\u00e9d\u00e9liques, c\u2019est la derni\u00e8re maison sur la gauche en sortant de la ville en [&hellip;]","og_url":"https:\/\/bikinitest.ch\/cms\/informations\/informations-acces\/","og_site_name":"Bikini Test","article_publisher":"https:\/\/www.facebook.com\/bikinitest","article_modified_time":"2025-01-09T13:25:41+00:00","twitter_card":"summary_large_image","twitter_site":"@bikinitest","twitter_misc":{"Dur\u00e9e de lecture estim\u00e9e":"4 minutes"},"schema":{"@context":"https:\/\/schema.org","@graph":[{"@type":"WebPage","@id":"https:\/\/bikinitest.ch\/cms\/informations\/informations-acces\/","url":"https:\/\/bikinitest.ch\/cms\/informations\/informations-acces\/","name":"Acc\u00e8s - Bikini Test","isPartOf":{"@id":"https:\/\/bikinitest.ch\/cms\/#website"},"datePublished":"2016-09-12T13:28:37+00:00","dateModified":"2025-01-09T13:25:41+00:00","breadcrumb":{"@id":"https:\/\/bikinitest.ch\/cms\/informations\/informations-acces\/#breadcrumb"},"inLanguage":"fr-FR","potentialAction":[{"@type":"ReadAction","target":["https:\/\/bikinitest.ch\/cms\/informations\/informations-acces\/"]}]},{"@type":"BreadcrumbList","@id":"https:\/\/bikinitest.ch\/cms\/informations\/informations-acces\/#breadcrumb","itemListElement":[{"@type":"ListItem","position":1,"name":"Accueil","item":"https:\/\/bikinitest.ch\/cms\/"},{"@type":"ListItem","position":2,"name":"Informations","item":"https:\/\/bikinitest.ch\/cms\/informations\/"},{"@type":"ListItem","position":3,"name":"Acc\u00e8s"}]},{"@type":"WebSite","@id":"https:\/\/bikinitest.ch\/cms\/#website","url":"https:\/\/bikinitest.ch\/cms\/","name":"Bikini Test","description":"Un site utilisant WordPress","publisher":{"@id":"https:\/\/bikinitest.ch\/cms\/#organization"},"potentialAction":[{"@type":"SearchAction","target":{"@type":"EntryPoint","urlTemplate":"https:\/\/bikinitest.ch\/cms\/?s={search_term_string}"},"query-input":{"@type":"PropertyValueSpecification","valueRequired":true,"valueName":"search_term_string"}}],"inLanguage":"fr-FR"},{"@type":"Organization","@id":"https:\/\/bikinitest.ch\/cms\/#organization","name":"Bikinitest","url":"https:\/\/bikinitest.ch\/cms\/","logo":{"@type":"ImageObject","inLanguage":"fr-FR","@id":"https:\/\/bikinitest.ch\/cms\/#\/schema\/logo\/image\/","url":"https:\/\/bikinitest.ch\/cms\/wp-content\/uploads\/2020\/10\/logo_bikinitest.png","contentUrl":"https:\/\/bikinitest.ch\/cms\/wp-content\/uploads\/2020\/10\/logo_bikinitest.png","width":120,"height":148,"caption":"Bikinitest"},"image":{"@id":"https:\/\/bikinitest.ch\/cms\/#\/schema\/logo\/image\/"},"sameAs":["https:\/\/www.facebook.com\/bikinitest","https:\/\/x.com\/bikinitest","https:\/\/www.instagram.com\/bikini_test\/"]}]}},"_links":{"self":[{"href":"https:\/\/bikinitest.ch\/cms\/wp-json\/wp\/v2\/pages\/45","targetHints":{"allow":["GET"]}}],"collection":[{"href":"https:\/\/bikinitest.ch\/cms\/wp-json\/wp\/v2\/pages"}],"about":[{"href":"https:\/\/bikinitest.ch\/cms\/wp-json\/wp\/v2\/types\/page"}],"author":[{"embeddable":true,"href":"https:\/\/bikinitest.ch\/cms\/wp-json\/wp\/v2\/users\/3"}],"replies":[{"embeddable":true,"href":"https:\/\/bikinitest.ch\/cms\/wp-json\/wp\/v2\/comments?post=45"}],"version-history":[{"count":5,"href":"https:\/\/bikinitest.ch\/cms\/wp-json\/wp\/v2\/pages\/45\/revisions"}],"predecessor-version":[{"id":1692,"href":"https:\/\/bikinitest.ch\/cms\/wp-json\/wp\/v2\/pages\/45\/revisions\/1692"}],"up":[{"embeddable":true,"href":"https:\/\/bikinitest.ch\/cms\/wp-json\/wp\/v2\/pages\/7"}],"wp:attachment":[{"href":"https:\/\/bikinitest.ch\/cms\/wp-json\/wp\/v2\/media?parent=45"}],"curies":[{"name":"wp","href":"https:\/\/api.w.org\/{rel}","templated":true}]}}